mposite number?
False
Suppose -43*t = -39*t - 412. Suppose -10*n + t = -277. Is -37 + n - (0 - 82) composite?
False
Let q(h) = 434*h**2 + 10*h - 16. Let b be q(4). Suppose x - b = -5*f - 2189, -2*f = -x + 4772. Let u = 8291 - x. Is u a prime number?
True
Suppose 3*g - 15 = -y, -4*g + 13 = -y - 0*y. Suppose -5*a = g*j + j - 107910, -4*a + 21591 = j. Is j composite?
True
Let i(y) = 2*y**3 - 3*y**2 + 25*y - 18. Let j be i(17). Let q = 15987 - j. Is q composite?
True
Is ((-21799)/(-2))/((-127)/(-508)) a prime number?
False
Let k be (-2)/(1/(-3 + 2)). Suppose -311 = -3*g - k*y + y, 301 = 3*g - 4*y. Is g a composite number?
False
Let q(g) be the first derivative of g**2 - 2*g - 6. Let r be q(1). Suppose r = 3*z + 2*z - 2935. Is z a composite number?
False
Let j be (-16)/(-3)*234/12. Let d be -2 - 3/((-12)/j). Suppose 25*m - 389 = d*m. Is m prime?
True
Suppose -33798*s + 33747*s = -8976867. Is s prime?
True
Let g = -434466 + 684500. Is g a prime number?
False
Let l(j) = j**3 + 13*j**2 - 13*j + 20. Let u be (4/10)/((-4)/140). Let t be l(u). Is (t*2/4)/(1/13) a composite number?
True
Suppose 3*d - z - 47 = 0, 3*d + d + 3*z = 67. Let t = 2436 - 2433. Suppose -5*o = -t*p + 337, 0*o - d = -4*o. Is p a prime number?
False
Is (-3)/(-14) - (-12)/42 - 42697850/(-124) composite?
True
Suppose 0 = 5*k + 22 - 12. Let r be ((8/(-5))/(-4))/(k/10). Is r/3*3 - -5521 composite?
False
Is (-6416900)/(-98) - (-2 + -7)*3/63 composite?
False
Let w be ((-1)/(-3))/(3/(-63)). Is (-33 + -2)/w + 4184 a prime number?
False
Suppose 2*a = a - 4*r + 206, -3*a = -r - 631. Let l be a/5*(-3)/9*-1. Suppose l*t - 6939 = 5*t. Is t composite?
True
Let m(q) = -q**3 + 9*q**2 - 15*q + 9. Let v be m(7). Suppose 5*g + v = 6*g. Suppose -9*d + 4921 = -g*d. Is d a prime number?
False
Let n be 32/6 - (-5)/(-15). Let w be ((-79)/(-2))/((-6)/(-60)). Suppose 10*d - w = n*d. Is d composite?
False
Let x(j) = 3*j**2 - j - 2. Let d be x(-7). Let u(g) = -g**2 - 36*g - 10. Let s be u(-9). Suppose d = 2*o - 3*q, -3*o + s - 2 = -3*q. Is o composite?
False
Let g be 3254/(-5) + 23/(-115). Let j = 1642 + g. Suppose d + 1232 = 5*x, -4*x - 5*d + 4*d = -j. Is x a composite number?
True
Is 129901 - 27/((-135)/50) prime?
False
Let n(m) = -302*m - 138. Let x(p) = -101*p - 46. Let d(v) = 6*n(v) - 17*x(v). Let l be d(12). Let r = -333 - l. Is r a prime number?
True
Let y = -56106 + 98940. Suppose -y = -5*g + 8141. Is g a composite number?
True
Let z(p) = -3*p**2 + 41*p - 287. Let o be z(8). Let k(v) = -455*v**3 + v**2 - v - 1. Let u be k(-1). Let b = u + o. Is b a composite number?
True
Suppose 45*n - 44*n = 32. Suppose n = -14*z + 12*z. Is z/6*234/(-4) + 1 composite?
False
Let b(v) = v**3 + 22*v**2 + 33*v + 23. Let x be b(-20). Suppose 5*p - 392 = x. Is p composite?
True
Let m(d) = -520*d**2 + 19*d + 10. Let q(o) = -518*o**2 + 17*o + 10. Let g(s) = 4*m(s) - 5*q(s). Is g(-1) composite?
False
Let g = -117 + 119. Suppose -145 = g*y + 5*a, 0*a = -2*y - 3*a - 147. Let w = 304 - y. Is w a composite number?
False
Let p = -353 - -353. Let t(b) = 204*b + 2. Let s be t(4). Suppose 0 = -p*a + 3*a - 12, -s = -3*z + 4*a. Is z composite?
True
Let b(s) = -s**3 - 52*s**2 - 186*s - 487. Is b(-75) composite?
True
Let k be ((-3)/4)/(15/(-40)). Suppose 42 = 4*j - 5*g - 7, 2*j - k = -2*g. Suppose -5*i = -j*i + 1049. Is i composite?
False
Suppose -6*b = 3*b + 261. Let y = b - -33. Suppose 708 = y*r - 5*j - 494, -4*j + 588 = 2*r. Is r a composite number?
True
Let o = 33 + -42. Let n = o - -9. Suppose 2*c + 2*c - 5836 = n. Is c a composite number?
False
Let g = 249 - 246. Suppose -8*o - p + 20846 = -g*o, -5*o + 20850 = 5*p. Is o prime?
False
Suppose -3*z - 21*k = -17*k - 344077, 3*z + k = 344101. Is z a prime number?
False
Suppose 3356368 = 177*g - 161*g. Is g composite?
True
Let n = 91 + -82. Suppose -n*z + 169 = -1550. Is z composite?
False
Let q = -29370 - -61039. Is q composite?
True
Suppose -93*d + 6156670 = 529147. Is d a prime number?
False
Suppose 9*r + 2*g = 214091, -5*r - 17*g + 118930 = -14*g. Is r prime?
True
Let d(k) be the first derivative of -2383*k**2/2 - 37*k + 155. Is d(-12) prime?
True
Let h = 35749 - 7062. Is h a prime number?
True
Suppose 5 = t + 4*k + 29, 5*k = 4*t + 54. Let l(c) = -31*c - 53. Is l(t) a composite number?
False
Suppose 56*m + 1839 = 57*m - 2*t, 9265 = 5*m + 4*t. Let y be 12088/((-6)/(-3)) - -1. Suppose -m = -2*v + y. Is v composite?
False
Let s = -16283 - -52540. Is s a composite number?
True
Let l be 8/12 + (-156)/(-9). Let f = 21 - l. Suppose -4*w = -y + 579, -f*w = y + y - 1180. Is y a prime number?
True
Let y = -158 - 85. Let f = y + 730. Is f a composite number?
False
Let j(h) = 3*h**2 - 89. Is j(48) composite?
False
Is ((-14574)/3*-1*(-23)/(-46))/1 a prime number?
False
Is (-796 - -702)*(-2)/((-8)/(-3314)) composite?
True
Let a(o) = -o**2 - 26*o + 43. Let f(l) = l**2 + 13*l - 21. Let z(t) = 4*a(t) + 9*f(t). Suppose -2*v - 2*v + 38 = -2*k, 5*k - 1 = -2*v. Is z(v) prime?
False
Let j(o) = -148*o**2 + 12*o - 11. Let c(p) = -50*p**2 + 4*p - 4. Let h(u) = -10*c(u) + 3*j(u). Suppose -4*y = -9 - 7. Is h(y) a prime number?
True
Suppose -4*a = 90 - 146. Suppose -a*y + 5*y + 7065 = 0. Is y a prime number?
False
Suppose 2 = 190*h - 189*h. Is (20706/18 - 0) + h/3 a prime number?
True
Let r(h) = h**2 + 14*h - 71. Let c be r(-18). Is c/(10/(-7615))*-2 prime?
True
Suppose 7*t + 129 = 10*t - 3*u, 0 = -t + 2*u + 48. Suppose 25*z + 205127 = t*z. Is z a prime number?
False
Suppose -139*h + 133*h + 4296 = 0. Suppose -5*m = 5*r - 4*r + 239, 1155 = -5*r - 5*m. Let x = h + r. Is x a composite number?
False
Suppose -3*r + 5*z - 10395 = -92234, 0 = -5*z - 20. Is r composite?
True
Suppose l + 4 = 2*u, 5*u - 7 = 3*l + 1. Suppose -5*m + 3*o + 16699 = 160108, u*m + 114729 = 3*o. Is m/(-96) - (10/(-8) - -1) a prime number?
False
Let c(i) = -4*i - 64. Let r be c(-18). Let s(q) be the first derivative of q**4/2 + 3*q**3 + q**2/2 - 11*q + 7. Is s(r) prime?
True
Suppose 11 = -7*k - 10. Let v be 1/(0 + k + 2)*-295. Suppose -3*y = -8*y + v. Is y a composite number?
False
Suppose -315 = -8*a + a. Let v(k) = k**2 + 101*k - 23. Is v(a) a composite number?
False
Let a(p) = 2*p - 1. Let u be a(5). Suppose -2*w - 7 = -u. Is ((7062/(-2))/(-3))/w prime?
False
Let b(f) = -f**2 - 2*f + 701. Suppose 0 = 4*z + 2*l - 3 - 9, -2*z + 6 = -5*l. Suppose r = d, -z*r - 4*d = -r. Is b(r) a composite number?
False
Let f be 5*(9/(-15) - -1). Suppose f*d = 3*d - 7. Suppose 1083 = -4*q + d*q. Is q a composite number?
True
Suppose -5*t + 8 = -4*n, -t + 2*t + 2 = 2*n. Suppose -3645 = -5*r - t*j, -29*r - 3*j = -28*r - 718. Is r a composite number?
False
Suppose 0 = 5*t + 3*m - 4612805, 3*t + 34*m - 2767683 = 37*m. Is t a prime number?
True
Suppose -5073 = 5*r + 2*o, -8*r + 6*r = 3*o + 2027. Let d = -324 - r. Is d a composite number?
False
Let y be (9 - 6)/(4 - 3). Suppose s + y*w = 3854, -s + 3*w + 3024 = -800. Suppose 0 = 5*z + 529 - s. Is z prime?
False
Suppose -g - 2*g = 3*g. Suppose g = 3*x + 5*h - 4888, 3*h - 1636 = -x - 2*h. Suppose -2*k + x = 4*v, 4*v + 1650 = 2*k + 2*v. Is k prime?
True
Suppose 1183210 = 133*x + 286923. Is x composite?
True
Let c be 4*90/25*90. Let p be c/(-120)*-5*2*-11. Is 0 + (8 + -3 - p) a prime number?
True
Suppose -31*u - u - 583557 + 3264869 = 0. Is u prime?
True
Let a(w) = -355*w + 75. Let p be a(-14). Suppose -5*c - 2*o - p + 15400 = 0, 15 = 3*o. Is c a composite number?
False
Let z(l) = 291*l**3 - 11*l**2 + 17*l + 32. Is z(5) a composite number?
False
Let r = 30 - 27. Let m(a) = -3*a**3 - r*a**2 + 2*a**3 + 0 - 2*a - 1. Is m(-5) a composite number?
False
Suppose 74 = -4*j + 26. Let h = j - -26. Suppose -h*w = -11*w - 1143. Is w a composite number?
True
Let g(h) = 4289*h + 226. Let a be g(4). Suppose -322*x + a = -316*x. Is x a composite number?
False
Let n be 5*3*13/(195/20). Suppose n = 3*s - 64. Is (1212/10)/(s/210) - -2 a composite number?
False
Let w(l) = -2*l**3 + 108*l**2 + 96*l + 147. Is w(35) a composite number?
True
Let q(w) = -87*w + 71. Let l(m) = m**3 + 6*m**2 - 3*m + 2. Suppose 4*v + 2*x + 30 = 0, 3*v + 25 = -3*x + 1. Let j be l(v). Is q(j) a composite number?
False
Suppose -157*j = 34*j - 50*j - 73300683. Is j prime?
True
Let d(y) = 3473*y**2 + 84*y + 1328. Is d(-13) prime?
True
Suppose 33851 + 13071 = 4*j + 2